 greatest common factor of 26240 and 377981952.
5248
What is the highest common divisor of 15122344 and 141?
47
Calculate the highest common factor of 34295 and 65189.
19
What is the highest common factor of 419277066 and 4446?
1482
Calculate the highest common factor of 5633 and 2981298.
131
Calculate the greatest common factor of 26829 and 507177.
99
What is the greatest common factor of 268398 and 22607?
481
What is the greatest common divisor of 5836260 and 15?
15
What is the greatest common divisor of 163520 and 31255?
35
Calculate the greatest common divisor of 98 and 1844679578.
98
What is the greatest common factor of 13608 and 513096?
24
What is the greatest common divisor of 323014022 and 1634?
1634
Calculate the greatest common factor of 915447 and 39.
39
Calculate the highest common factor of 11 and 21047917.
11
What is the greatest common divisor of 81 and 594104?
1
Calculate the highest common factor of 7050 and 3286992.
282
What is the highest common factor of 11123 and 876253?
7
What is the highest common factor of 81677674 and 104?
26
Calculate the greatest common factor of 420603 and 60759.
471
What is the greatest common divisor of 4849351 and 95?
19
Calculate the greatest common divisor of 29233 and 142439.
23
What is the highest common factor of 8220 and 10831220?
2740
Calculate the greatest common factor of 2556 and 153427734.
1278
What is the highest common divisor of 20449 and 29237?
169
What is the highest common divisor of 49225 and 4972?
11
What is the greatest common factor of 92839365 and 1777?
1777
Calculate the highest common factor of 19005579 and 441.
9
Calculate the highest common factor of 16 and 3937816.
8
Calculate the greatest common divisor of 87599213 and 559.
559
Calculate the highest common divisor of 2250944976 and 5712.
5712
Calculate the highest common factor of 8 and 89506344.
8
Calculate the greatest common divisor of 4175140 and 100.
20
What is the highest common divisor of 33260488 and 152?
152
Calculate the greatest common divisor of 836 and 83429.
19
Calculate the highest common divisor of 1813 and 131535.
37
Calculate the highest common divisor of 4456159 and 1921.
17
What is the highest common factor of 96624954 and 2344?
586
What is the greatest common factor of 348019 and 38927?
581
Calculate the highest common divisor of 26640 and 388648.
296
What is the greatest common divisor of 3468 and 246474636?
204
Calculate the highest common factor of 6249150 and 150.
150
Calculate the highest common divisor of 21 and 72574180.
7
Calculate the highest common factor of 578837 and 3871.
49
What is the greatest common divisor of 211189692 and 252?
84
Calculate the highest common divisor of 42 and 691183836.
42
What is the greatest common factor of 101094944 and 7334?
386
What is the greatest common factor of 34451748 and 144?
36
Calculate the greatest common divisor of 725 and 210395.
145
What is the highest common divisor of 4420 and 11886485?
1105
What is the highest common factor of 326686 and 21698?
38
What is the greatest common divisor of 94798601 and 31361?
2851
Calculate the greatest common divisor of 54 and 13025097.
27
What is the greatest common factor of 15572295 and 18?
9
Calculate the greatest common factor of 480 and 15205760.
160
What is the greatest common divisor of 1314624 and 1231792?
2672
What is the highest common divisor of 69 and 608056451?
23
What is the highest common factor of 5 and 11569645?
5
What is the greatest common factor of 9 and 180316527?
3
Calculate the greatest common factor of 9 and 4161609.
9
What is the greatest common factor of 30556906 and 8206?
746
Calculate the highest common divisor of 49964352 and 8.
8
What is the greatest common divisor of 2120420 and 8536?
388
Calculate the highest common factor of 25515 and 87780.
105
What is the greatest common divisor of 252 and 126479304?
252
Calculate the greatest common factor of 160 and 3859808.
32
What is the greatest common factor of 138009130 and 350?
70
Calculate the greatest common divisor of 1085 and 5942545.
1085
What is the greatest common divisor of 7269544 and 46089?
569
What is the highest common factor of 48122635 and 55?
55
What is the greatest common factor of 30833709 and 479?
479
Calculate the greatest common divisor of 75 and 1992255.
15
What is the highest common divisor of 18549 and 2785327?
229
Calculate the highest common divisor of 5980309 and 1492.
373
What is the greatest common divisor of 31 and 53124979?
31
Calculate the greatest common factor of 26997327 and 2324.
581
What is the highest common divisor of 1060 and 125040?
20
Calculate the highest common divisor of 3888278 and 402.
134
Calculate the highest common divisor of 12796 and 10214407.
3199
Calculate the greatest common divisor of 1296594 and 1102842.
702
What is the greatest common factor of 6861404 and 1496?
748
What is the highest common factor of 126436 and 20981448?
1732
Calculate the greatest common divisor of 669600 and 4278.
186
What is the greatest common factor of 221992035 and 4726?
2363
Calculate the greatest common divisor of 195408 and 544617.
207
What is the greatest common divisor of 88400 and 191680?
80
What is the greatest common divisor of 153585 and 3900?
15
What is the highest common divisor of 595 and 1736423605?
595
What is the highest common factor of 927773 and 35?
7
What is the greatest common divisor of 32276919 and 6?
3
What is the greatest common divisor of 51525 and 22775?
25
What is the greatest common factor of 1062 and 293346?
18
Calculate the highest common divisor of 306 and 89344656.
306
Calculate the greatest common factor of 34358230 and 930.
310
Calculate the highest common factor of 18250920 and 4050.
810
Calculate the highest common divisor of 9061810 and 1180.
590
What is the greatest common divisor of 195 and 69670?
5
What is the highest common divisor of 495 and 915387?
33
Calculate the highest common factor of 882528 and 164256.
2784
What is the greatest common factor of 222791485 and 1421?
1421
Calculate the greatest common factor of 59848925 and 2657.
2657
What is the highest common divisor of 4461126 and 276?
138
What is the greatest common factor of 158763 and 65399?
17
Calculate the highest common factor of 2412171782 and 1871.
1871
What is the highest common divisor of 3 and 78797?
1
What is the highest common divisor of 87281399 and 527?
31
What is the greatest common divisor of 34392680 and 16520?
280
Calculate the greatest common factor of 484 and 259253390.
242
Calculate the greatest common divisor of 11575784 and 44.
44
What is the greatest common divisor of 21305 and 41306134?
4261
What is the greatest common factor of 219241227 and 7257?
7257
What is the highest common factor of 3201526 and 328?
82
What is the greatest common factor of 1179292 and 5609484?
4484
What is the highest common divisor of 2750 and 44492000?
250
Calculate the greatest common divisor of 16936 and 7389352.
584
Calculate the greatest common divisor of 187759 and 517.
11
What is the greatest common divisor of 47974 and 355406?
166
What is the highest common factor of 2015292 and 33348?
12
Calculate the greatest common factor of 104872980 and 62040.
2820
Calculate the greatest common divisor of 205530 and 3020.
10
What is the greatest common factor of 347588744 and 206?
206
What is the greatest common divisor of 41978 and 462592?
278
What is the greatest common divisor of 132225 and 27716?
41
Calculate the greatest common divisor of 127611475 and 345.
115
Calculate the greatest common divisor of 149761121 and 1382.
691
Calculate the highest common factor of 37805006 and 664.
166
Calculate the highest common factor of 270 and 3214512.
54
Calculate the highest common factor of 49855 and 17849624.
767
Calculate the highest common factor of 2761152 and 54.
6
What is the greatest common factor of 45 and 21675132?
9
Calculate the greatest common divisor of 277814257 and 133.
133
What is the greatest common factor of 77184 and 22392?
72
What is the greatest common factor of 74 and 280732?
2
Calculate the greatest common divisor of 4164 and 76788671.
347
Calculate the highest common divisor of 169 and 4609813.
169
Calculate the greatest common factor of 1081 and 3281587.
47
What is the greatest common 